207501 a multiple of 40?
False
Is 3 a factor of 637681?
False
Is 244 a factor of 1578865?
False
Is 59 a factor of 2862133?
False
Does 165 divide 6458545?
False
Is 87255 a multiple of 13?
False
Does 171 divide 612693?
True
Does 142 divide 4427893?
False
Is 125622 a multiple of 63?
True
Is 226 a factor of 631221?
False
Does 227 divide 5279996?
False
Is 715 a factor of 1450276?
False
Does 144 divide 75024?
True
Is 5379956 a multiple of 34?
True
Is 167880 a multiple of 208?
False
Is 462090 a multiple of 422?
True
Is 15 a factor of 424031?
False
Does 827 divide 54701?
False
Does 7 divide 5002609?
False
Is 111357 a multiple of 21?
False
Is 65826 a multiple of 42?
False
Is 237940 a multiple of 10?
True
Is 2385862 a multiple of 34?
False
Is 44 a factor of 837970?
False
Does 96 divide 9024?
True
Does 83 divide 500565?
False
Does 23 divide 759660?
False
Is 55 a factor of 104970?
False
Does 549 divide 204228?
True
Is 15 a factor of 2024786?
False
Is 17 a factor of 5799074?
True
Does 545 divide 265415?
True
Is 692 a factor of 3665732?
False
Does 37 divide 178007?
True
Is 73 a factor of 928341?
True
Does 14 divide 6582510?
False
Is 1550783 a multiple of 58?
False
Is 5 a factor of 1152195?
True
Is 3703501 a multiple of 17?
True
Does 42 divide 2841761?
False
Is 4 a factor of 742881?
False
Does 255 divide 2653275?
True
Is 56 a factor of 14282800?
True
Is 11 a factor of 2281956?
False
Does 31 divide 2174247?
True
Is 174440 a multiple of 20?
True
Is 47 a factor of 941363?
True
Is 44387 a multiple of 7?
True
Does 380 divide 633840?
True
Does 4 divide 749695?
False
Does 49 divide 50470?
True
Does 11 divide 132946?
True
Is 54 a factor of 15163?
False
Is 70133 a multiple of 301?
True
Does 111 divide 98790?
True
Does 717 divide 1297549?
False
Does 221 divide 160446?
True
Does 45 divide 9450?
True
Does 204 divide 249591?
False
Is 135 a factor of 108270?
True
Does 1682 divide 6519432?
True
Is 5487159 a multiple of 653?
True
Is 4758069 a multiple of 18?
False
Does 68 divide 103224?
True
Is 16116 a multiple of 763?
False
Is 49820 a multiple of 20?
True
Is 48 a factor of 390904?
False
Does 144 divide 18734?
False
Does 481 divide 1581134?
False
Is 159064 a multiple of 6?
False
Is 2604504 a multiple of 84?
True
Is 24346 a multiple of 4?
False
Is 20 a factor of 5235023?
False
Does 12 divide 356978?
False
Does 5 divide 1657240?
True
Is 11 a factor of 194995?
False
Does 49 divide 117968?
False
Does 113 divide 6170817?
True
Is 19451387 a multiple of 1491?
False
Is 1864310 a multiple of 136?
False
Is 9334168 a multiple of 76?
True
Is 443 a factor of 237005?
True
Does 60 divide 464129?
False
Does 38 divide 1841974?
True
Is 240 a factor of 1380900?
False
Is 135354 a multiple of 24?
False
Is 17 a factor of 3023314?
True
Does 1703 divide 7307836?
False
Does 30 divide 1219970?
False
Is 13379805 a multiple of 1888?
False
Does 116 divide 45008?
True
Is 15389 a multiple of 22?
False
Is 58 a factor of 92742?
True
Is 361917 a multiple of 63?
False
Is 50 a factor of 94984?
False
Is 1211274 a multiple of 54?
True
Does 61 divide 11880678?
False
Is 173880 a multiple of 46?
True
Is 45 a factor of 93150?
True
Is 22 a factor of 821638?
False
Is 125 a factor of 1908215?
False
Is 815192 a multiple of 419?
False
Is 1748609 a multiple of 894?
False
Is 537 a factor of 967700?
False
Is 2 a factor of 852832?
True
Does 23 divide 332049?
False
Is 435 a factor of 12919500?
True
Does 29 divide 30885?
True
Is 8 a factor of 285?
False
Does 214 divide 188748?
True
Is 107541 a multiple of 48?
False
Is 396 a factor of 525899?
False
Is 998200 a multiple of 8?
True
Is 12205312 a multiple of 973?
True
Is 341 a factor of 264268?
False
Is 100239 a multiple of 218?
False
Is 212883 a multiple of 29?
False
Is 8334 a multiple of 6?
True
Is 40 a factor of 22560520?
True
Is 26989 a multiple of 12?
False
Does 191 divide 2458934?
True
Does 191 divide 134846?
True
Is 13991313 a multiple of 1283?
False
Does 346 divide 10525320?
True
Is 249 a factor of 200503?
False
Is 360 a factor of 184403?
False
Is 101 a factor of 86011?
False
Does 22 divide 30250?
True
Does 2 divide 1181990?
True
Is 757788 a multiple of 8?
False
Is 15 a factor of 862898?
False
Is 10 a factor of 5726270?
True
Is 139445 a multiple of 23?
False
Is 315 a factor of 493299?
False
Does 1369 divide 1753689?
True
Does 13 divide 1279323?
False
Does 6 divide 595900?
False
Is 3 a factor of 560010?
True
Does 67 divide 878153?
False
Does 76 divide 2932903?
False
Does 9 divide 373892?
False
Does 41 divide 831845?
False
Does 2 divide 874485?
False
Is 1515 a factor of 1942230?
True
Does 7 divide 7056039?
False
Is 35 a factor of 43890?
True
Is 11781980 a multiple of 28?
True
Does 335 divide 62696?
False
Is 12501001 a multiple of 1441?
False
Is 11 a factor of 9306?
True
Is 586600 a multiple of 445?
False
Is 940156 a multiple of 165?
False
Does 9 divide 5950962?
True
Is 9912360 a multiple of 15?
True
Is 26 a factor of 63644?
False
Does 6 divide 92620?
False
Does 42 divide 18228?
True
Is 14 a factor of 153138?
False
Is 2657693 a multiple of 6?
False
Is 2513390 a multiple of 7?
False
Is 19 a factor of 164122?
True
Does 13 divide 18107274?
False
Is 44 a factor of 858704?
True
Does 2270 divide 20259750?
True
Does 280 divide 418320?
True
Does 350 divide 261074?
False
Is 101063 a multiple of 257?
False
Is 5000220 a multiple of 45?
True
Does 6 divide 26721?
False
Is 1122690 a multiple of 10?
True
Is 6582543 a multiple of 1362?
False
Does 168 divide 331296?
True
Does 18 divide 96278?
False
Does 28 divide 4323256?
True
Does 38 divide 6612?
True
Does 249 divide 192164?
False
Is 24 a factor of 3165926?
False
Is 64120 a multiple of 11?
False
Is 2145 a multiple of 33?
True
Does 27 divide 26254550?
False
Is 2103639 a multiple of 291?
True
Does 2 divide 1025103?
False
Is 186162 a multiple of 142?
True
Is 3 a factor of 109282?
False
Is 2420789 a multiple of 8?
False
Is 2104005 a multiple of 185?
True
Is 10 a factor of 111374?
False
Is 65 a factor of 458895?
False
Is 161 a factor of 524377?
True
Does 622 divide 799270?
True
Is 847287 a multiple of 37?
False
Is 540510 a multiple of 419?
True
Does 215 divide 657900?
True
Does 24 divide 6331032?
True
Does 401 divide 141152?
True
Does 1603 divide 5712339?
False
Does 19 divide 13973018?
True
Does 301 divide 1290164?
False
Is 1752882 a multiple of 23?
False
Is 11934684 a multiple of 41?
False
Does 18 divide 2759951?
False
Is 19 a factor of 1199565?
True
Is 1586214 a multiple of 42?
True
Is 56364 a multiple of 183?
True
Does 35 divide 55151?
False
Does 18 divide 178182?
True
Does 171 divide 1819269?
True
Is 6 a factor of 1834146?
True
Does 186 divide 2068028?
False
Is 137 a factor of 122889?
True
Is 22509660 a multiple of 60?
True
Does 22 divide 99330?
True
Is 339 a factor of 37629?
True
Does 17 divide 747337?
True
Is 5938106 a multiple of 10?
False
Is 222480 a multiple of 9?
True
Is 3975 a multiple of 28?
False
Does 36 divide 334871?
False
Is 79130 a multiple of 410?
True
Does 17 divide 1305763?
False
Does 152 divide 1670936?
True
Is 19 a factor of 27729?
False
Does 11 divide 2958483?
True
Is 1528395 a multiple of 15?
True
Is 169860 a multiple of 29?
False
Is 23 a factor of 3927405?
False
Is 3079276 a multiple of 478?
True
Is 973804 a multiple of 13?
True
Does 227 divide 836593?
False
Is 58534 a multiple of 518?
True
Is 31396 a multiple of 3?
False
Is 207604 a multiple of 71?
True
Does 15 divide 28755?
True
Is 238786 a multiple of 46?
True
Is 26 a factor of 13802620?
True
Is 3435327 a multiple of 93?
True
Is 173 a factor of 8676?
False
Does 81 divide 805707?
True
Does 33 divide 204968?
False
Is 3 a factor of 36548?
False
Is 6700419 a multiple of 10?
False
Is 25 a factor of 151916?
False
Is 34 a factor of 72896?
True
Does 2 divide 7190?
True
Is 124 a factor of 1211480?
True
Does 10 divide 64150?
True
Is 40 a factor of 263547?
False
Does 16 divide 8343856?
True
Does 15 divide 2780700?
True
Is 28203 a multiple of 17?
True
Is 16 a factor of 482784?
True
Is 653 a factor of 4676786?
True
Is 574182 a multiple of 882?
True
Does 575 divide 18194150?
True
Is 10293019 a multiple of 566?
False
Is 116784 a multiple of 16?
True
Is 90692 a multiple of 11?
False
Does 399 divide 107053?
False
Does 1818 divide 1096502?
False
Does 9 divide 254732?
False
Is 160 